2*f**2 + 5*f - 23. Let q be j(-5). Suppose -2*k - 503 = -q*v - 3*k, -v + 250 = 2*k. What is the tens digit of v?
5
Let r be (0 + -1 + 1)/2. Suppose r = -2*i + 2*u + 12, -2*u = 5*i - i - 18. Suppose -2*z + 323 + 159 = 4*o, -4*z + i*o = -1016. What is the hundreds digit of z?
2
Let w(f) = 5679*f**2 + 18*f - 4. What is the ten thousands digit of w(2)?
2
Suppose -42494 = -5*d + 2*t, -36*t + 39*t - 9 = 0. What is the thousands digit of d?
8
Suppose 0 = -750*w + 735*w + 94125. What is the tens digit of w?
7
Let g(i) = -367*i + 1889. What is the hundreds digit of g(-41)?
9
Let l be 1/(18/4) - (-80)/45. Let p be 2*(l + -3)*-1. Suppose -3*d - p*b = -167, b = 4*b - 3. What is the tens digit of d?
5
Suppose 4*d = -5*p + 13667, -2*p + 35*d - 38*d = -5464. What is the units digit of p?
5
Let k = -2005 - -2385. What is the units digit of k?
0
Let l(j) = -7*j**3 - 16*j**2 - 10*j - 12. Suppose -16*s + 13*s - 15 = 0. What is the hundreds digit of l(s)?
5
Let i(t) = -265*t + 662. What is the units digit of i(-15)?
7
Let z(p) be the second derivative of p**4/2 + 4*p**3/3 + 3*p**2 - 44*p. Let i(s) = -s - 7. Let q be i(0). What is the hundreds digit of z(q)?
2
Suppose 5*h + 63 - 83 = 0. Suppose -5*v + 4*j = -2122, 7*v - h*v = -5*j + 1251. What is the tens digit of v?
2
Let y(o) = -5*o + 45. Let s be y(9). Suppose s = 10*d - 14*d + 176. What is the tens digit of d?
4
Let f be 2 + 0 - (-2 - -260). Suppose -l - 31 = 4*v + 544, -3*v = -3*l + 420. Let g = v - f. What is the tens digit of g?
1
Let k be (-5)/((-15)/(-6))*(-1099)/14. Let g = k - 70. Suppose 3*z - g = -2*i + 269, -2*i = -8. What is the tens digit of z?
1
Let x(k) be the third derivative of k**4/8 - 2*k**3/3 + 37*k**2. Let t be x(2). Suppose t*f - 490 = 2*y - 6*y, 1235 = 5*f + 5*y. What is the tens digit of f?
4
Suppose -c + 206 = c - 4*o, -4*o = 5*c - 585. Suppose -c = -4*n + 271. Suppose 5*b - 199 - n = 0. What is the units digit of b?
9
Suppose -y + 9 = v, -4*y - 9 = -0*v - 5*v. Suppose -4*p - 1400 = -7*p - n, -p + y*n = -471. Let c = p - 330. What is the hundreds digit of c?
1
Suppose 0 = 15*m - 2 - 28. Suppose 5*l + 106 = m*c - 985, 3*c = -2*l + 1589. What is the hundreds digit of c?
5
Let u(n) = 3*n**2 - 4*n - 9. Let d be u(-9). Suppose 2*g + 2*g + 8 = 0, 0 = 4*r - 5*g - d. What is the units digit of r?
5
Let r be ((-21)/(504/128))/(2/(-108)). Let f = -127 + r. What is the hundreds digit of f?
1
Suppose -2*w + 4*o + 227 = w, -221 = -3*w + o. Suppose -5*s + 77 = -w. Suppose n - s = 11. What is the tens digit of n?
4
Let u be (-31 - -22) + (1 - -4). What is the units digit of 265 - ((-6)/(-24) - (-1)/u)?
5
Suppose 10*w = 35933 + 24417. What is the thousands digit of w?
6
Let c(p) = -73*p**3. Let b(f) = f**2 + 11*f + 22. Let s be b(-7). Let g be ((-3)/s)/((-3)/6). What is the units digit of c(g)?
3
Let a = 747 + 1588. What is the tens digit of a?
3
Suppose -67*x + 406862 = -394391. What is the thousands digit of x?
1
Let o = -24739 - -31372. What is the units digit of o?
3
Let g(d) = -d**2 + 13*d - 19. Let o be g(11). Let j(x) = 51 + o*x - 44 - 17*x. What is the units digit of j(-4)?
3
Suppose 10462 = -81*q + 68863. What is the units digit of q?
1
Let z = 20 + -18. Suppose 2*r - 8 = -4*s, 2*s - 4 = z*r - 5*r. Suppose s*v = 5*a - 0*v - 637, -3*v = -3*a + 384. What is the tens digit of a?
2
Suppose -4*g - 164997 = -2*h - 2104489, 0 = -4*g - h + 1939504. What is the tens digit of g/855 - (-4)/(-38)?
6
Suppose -13364 = -s - 4*u + 18785, s - 3*u = 32156. What is the ten thousands digit of s?
3
Suppose -276*q = 2*h - 279*q - 460, -8 = 4*q. What is the units digit of h?
7
Suppose -44*n = 91*n - 47*n - 1020800. What is the tens digit of n?
0
Suppose 3*m - 2*h + 11 = 4*m, -4*h = -3*m - 7. Suppose m*u = 3*d + 1527, 14*u + d = 13*u + 519. What is the units digit of u?
4
Suppose -31191 = -33*i + 8739. Suppose 0 = -2*f + m + i, 3*f + 17*m - 1812 = 20*m. What is the hundreds digit of f?
6
Let j = -9 - -5. Let i be 0*(-1)/j - -2. Suppose i*l = 33 - 11. What is the units digit of l?
1
Let y = 783 + -458. Let c = 684 - y. What is the tens digit of c?
5
Suppose -364509 = -75*g + 93891. What is the thousands digit of g?
6
What is the tens digit of 9 + 198/(-27) + 1*(-577048)/(-12)?
8
Suppose 182 = 4*q - 5*k - 251, 0 = q + 4*k - 124. What is the hundreds digit of q*(-4)/4*2/(-1)?
2
Suppose 11*y + 12*v = 7*v + 245263, -3*y + 3*v + 66855 = 0. What is the tens digit of y?
9
Let a = -186 - -192. Let n(q) = 2*q**2 + 18*q - 19. What is the tens digit of n(a)?
6
Let y(h) = -6*h - 48. Let o be y(-9). What is the tens digit of ((-6)/(-24))/(o/(-8))*-669?
2
Suppose 13*h - 11*h + 5*o - 10168 = 0, 0 = o + 4. What is the units digit of h?
4
Suppose -3*w = -p + 16, -3*w + 6*w = -3*p. Suppose -p*u - 66 + 314 = 0. What is the units digit of u?
2
What is the thousands digit of 616/462 + (-21134)/(-3)?
7
Let m(d) be the third derivative of 37*d**5/30 - d**4/24 - d**3/6 - 2*d**2. Let f = 1081 - 1080. What is the units digit of m(f)?
2
Let i = -18 - -111. Suppose 2*h + i = 1003. What is the hundreds digit of h?
4
Suppose -4*n - n = y - 87, -305 = -3*y - 4*n. Suppose 4*z - 103 = -23. Let r = y - z. What is the units digit of r?
7
Suppose 581*t - 167724 = 572*t. What is the hundreds digit of t?
6
Suppose -4*o + 405 = 81. Suppose 2*l = 17*l - 252 + 117. Suppose -4*j - l = -o. What is the tens digit of j?
1
Suppose -2*c + 2*x - 3*x + 3 = 0, 0 = 4*c + 5*x - 3. Suppose 4*i = 2*k, 2*k + 2 = -3*i + 9. What is the hundreds digit of (-4 - k/c) + 220?
2
Let c(t) = 22*t**3 - 17*t**2 + 220*t - 137. What is the units digit of c(12)?
1
Suppose j = 1412 - 381. Suppose 11*w - j = 1334. What is the units digit of w?
5
Suppose 5 = z + 4, -3*g - 3*z + 13782 = 0. What is the thousands digit of g?
4
Suppose 0*o - o - 7943 = 5*z, 2*z + 2*o = -3174. Let q = -459 - z. What is the hundreds digit of q?
1
Suppose -40*r = 5*r - 20385. What is the hundreds digit of r?
4
Suppose -4*q = -690 + 682. Let z be 6*(-2)/(-6) - -1. Suppose 2*l = 6*g - z*g - 135, -q*g + 89 = -l. What is the units digit of g?
3
Let z(g) = 26*g**2 + g + 2. Let p(r) = -r**3 + 5*r**2 - 1. Let v be p(5). Let d be z(v). What is the tens digit of d/(-6)*(154/(-6) - 1)?
2
Suppose 0 = 2*p + 57644 - 69504. What is the units digit of p?
0
Let v(b) = -67*b**2 - 212*b + 10. Let k be v(-3). Suppose x + l - 131 = 0, 127 + 9 = x - 4*l. Let s = x - k. What is the units digit of s?
9
Let g(w) = -67*w + 4. Let r be g(-8). Suppose 137 = 3*j - 4*n - 187, 5*n = 5*j - r. Suppose -68 = -4*q + j. What is the units digit of q?
4
Let k = 5754 - -417. What is the hundreds digit of k?
1
Let x(v) = -9*v + 52. Let a = -157 + 162. What is the units digit of x(a)?
7
Let p(x) = 6*x + 102. Let d be p(-18). What is the units digit of (78/(-6))/(d/24)?
2
Suppose -3*c - 3*g = 9, -22 = 6*c - 2*c - g. Let i(d) be the second derivative of -d**3/6 + 21*d**2/2 + 26*d. What is the units digit of i(c)?
6
Suppose -3*a - 877 = -4*j - 0*j, -4*j = a - 881. Let t = -18 + j. Let o = t + -85. What is the units digit of o?
7
Let i be -102 - (0 - 0/(1 - 5)). Let v = i + 129. Suppose -3*m + 126 = v. What is the units digit of m?
3
Let m(b) = 81*b + 30. Let o be 833/51 - ((-3)/1)/(-9). What is the units digit of m(o)?
6
Suppose 6*x - 1476 = 684. Let s = 606 + x. What is the tens digit of s?
6
Suppose -6*s = 13*s - 25*s + 67026. What is the thousands digit of s?
1
Suppose u - 47 + 13 = 0. Suppose -u*h = -36*h. Suppose -f + 3*w - 47 = -187, h = -2*w + 6. What is the hundreds digit of f?
1
Let h be (-1)/2 - 44/(-8). Let g(s) be the third derivative of s**6/120 - s**4/24 + 102*s**2 - s. What is the units digit of g(h)?
0
What is the tens digit of 13432 + (-10 - -11 - 9)?
2
Let s = 63338 - 5114. What is the thousands digit of s?
8
Let g(o) = -32*o**3 - 20*o**2 + 17*o - 2. Let j(u) = 16*u**3 + 9*u**2 - 8*u + 1. Let d(i) = 3*g(i) + 7*j(i). Let t = -6 + 8. What is the hundreds digit of d(t)?
1
Suppose -r - 5*t = 14 + 4, 0 = 4*r + 5*t - 3. Let u(l) = -l**3 + 9*l**2 + 3*l - 40. What is the tens digit of u(r)?
7
Let f(v) = v**3 - 205. Let t be f(0). Suppose -2*c - 3*h + 881 = 0, -434 = 6*c - 7*c + 5*h. Let l = t + c. What is the hundreds digit of l?
2
Let z(t) = t**3 - t**2 - 5*t + 28. Let j be z(7). Let n = 202 - j. Let b = n - -154. What is the tens digit of